) be the third derivative of n**8/6720 + 73*n**5/10 - 76*n**2. Let r(m) be the third derivative of t(m). Give r(y).
12
Let z(f) be the second derivative of f**7/2520 - 11*f**6/720 - 17*f**5/120 + 7*f**4/12 + f**2/2 - 69*f. Let b(s) be the third derivative of z(s). Give b(12).
-5
Let j(z) be the third derivative of -z**6/120 + 3*z**5/5 + 41*z**4/12 - 113*z**3/3 + 1425*z**2 - 1. Calculate j(38).
2
Let a(c) = -46 + 3994*c - 4038*c + 50. Calculate a(-1).
48
Suppose -9*c - 7 = -16. Let s(i) = 722 - 723 - i + 2*i. What is s(c)?
0
Suppose 0 = 3*k - 11 - 4. Suppose -4*j + 0 = k*w - 7, 0 = -j - 2. Let m(c) = -3 + 2620*c - 1309*c - 1314*c. Determine m(w).
-12
Let z(d) = d - 4. Let i be z(6). Let w(f) = 5 - f**2 + f**3 - 2*f + 10*f**i - 5*f**2 - 5*f**2. Give w(0).
5
Let k(r) = -2*r**3 + 3*r**2 + r. Let f be k(2). Let c be f/9 - ((-22)/18 + 1). Let u be (-2 - -3 - c) + (-8 - -4). Let x(n) = n**2 + n - 1. Calculate x(u).
5
Let q(c) = 2*c**3 + 9*c**2 - 180*c - 1. Let g = 20026 + -20038. Determine q(g).
-1
Let y(r) = -12*r - 178. Let w(m) = -3*m**2 + 182*m + 45. Let b be w(61). Determine y(b).
14
Suppose 3*m - 26 - 3 = -4*x, 3*m + 59 = 4*x. Suppose 0 = 16*b - x*b - 20. Let y(r) = 3*r - r**3 - 9 + 2*r**3 + 0*r**3 + b*r**2 + 10. Calculate y(-2).
3
Let b be (-24)/(-9)*81/12. Suppose b = -7*f - 10. Let n(q) = q + 7. Determine n(f).
3
Suppose 2*t + 122 = 4*d, -d = -0*d + 3*t - 13. Let q(y) = -y**3 + 29*y**2 - 28*y - 40. Give q(d).
-40
Let q = 1571 - 1572. Let l(y) = -7*y**2 + 3*y + 3. Determine l(q).
-7
Let v(l) = 3*l**2 - l**3 + 16 + 12 - 20 - 1 + 12*l. Calculate v(-2).
3
Let m(x) = -4. Let h(k) = -k - 6. Let r(l) = -4*h(l) + 7*m(l). Let i be -2*68/(-8) - 2/(-2). Suppose -u - 6 = -0*u - 3*n, i = u + 3*n. Calculate r(u).
20
Let n(w) = 14*w**2 + w. Suppose x = 6 - 2, -16 = 5*z - 4*x. Suppose z = 3*b - 3*g - 15, 2*g = b - 3*b + 22. Suppose k + b = 9. Determine n(k).
15
Let o(u) be the third derivative of -u**4/24 + u**3/6 + 43*u**2. Let p be (-19)/(-28) + (-3)/12 - 1943/(-203). Give o(p).
-9
Let k(w) = w - 16. Suppose -3*j - 334 = 5*u, u = j + 2*u + 114. Let f = -110 - j. Determine k(f).
-8
Let m(c) = -c**2 - 5*c - 16. Suppose 5*z + 5*y + 55 = 0, y + 9 - 4 = 0. Let o(t) = -t**2 - 6*t - 16. Let i(g) = z*o(g) + 5*m(g). Give i(-9).
-2
Let y(b) = 5*b - 20. Let k(n) = n + 79. Let u(o) = k(o) + 3*y(o). Give u(-1).
3
Let x be 6/4*1/((-3)/4). Let u be x/(-12) + 33/18. Let r(d) = d**3 + 9*d - 23*d - d**u + 7*d + 1 + 8*d. Give r(0).
1
Let v(o) be the second derivative of -2*o**3/3 + 35*o**2/2 + 5*o - 261. What is v(-16)?
99
Suppose -75*o + 19 = -76*o - 4*w, -4*o + 3*w = -95. Let m(q) = -q**3 + 17*q**2 + 4*q - 31. Determine m(o).
37
Let b(o) = 245*o**2 - 235*o**2 - o**3 - 9*o - 140 + 159. Give b(9).
19
Suppose -4*h = -5*l + 10, 8 = 4*l - 2*h + 5*h. Let u(y) = -88*y - 90*y - l + 179*y. What is u(3)?
1
Let q(n) = -n. Let z(b) = 3 - 10*b**2 + 8 + 13*b + 0*b + 12*b**2. Let o be z(-6). Give q(o).
-5
Suppose -5*t + 3*x - 60 = 0, 22 = 15*t - 18*t - x. Let q(b) = -b**3 - 10*b**2 - 8*b + 9. Calculate q(t).
0
Let g(v) = -v**2 + 14*v. Let o(p) = 15*p**2 + 3*p - 4. Suppose 5*c - 5 = 3*f, -4*f = 4*c - 8 + 4. Let s be o(c). Give g(s).
0
Suppose 4 = -l + 5. Let d(r) = 0 + 6 + l - 4 + 5*r. Suppose -10 = -2*z, 4*x + 1 = 6*x - z. Calculate d(x).
18
Let y(i) = i**2 + 13*i - 5. Suppose -8*s + 445 = -2859. Let d = 401 - s. Determine y(d).
-17
Let g(z) = 5*z + 22. Let d(v) = -v + 4 - 5*v + 7*v. Let m(u) = 11*d(u) - 2*g(u). Give m(-1).
-1
Let k(v) be the first derivative of v**4/2 + v**3 + v**2 + 2*v - 29995. Let o(w) = -w**3 + 3*w**2 + 5*w - 6. Let c be o(4). What is k(c)?
-6
Let z(j) be the first derivative of 3*j**2/2 + j - 3494. What is z(-10)?
-29
Suppose 65 = 1830*j - 1843*j. Let a(o) = -2*o - 6 - o + 2*o - 2. Determine a(j).
-3
Suppose 1111 - 3228 = -3*i - 2*b, -4*i = 4*b - 2824. Suppose i*r = 699*r - 30. Let o(y) = -y - 3. What is o(r)?
2
Let f(q) = q**3 + q**2 + 2*q - 31. Let t = 7260 - 7260. Determine f(t).
-31
Let z(y) = -7*y**2 + y + 1. Let l(h) = 22*h**2 - 19*h + 55. Let p(k) = 37*k**2 - 39*k + 110. Let t(u) = 5*l(u) - 3*p(u). Let s be t(3). Calculate z(s).
-25
Let r(n) = -63*n**2 + 193*n - 30. Let v(x) = 8*x**2 - 25*x + 4. Let g(y) = 4*r(y) + 31*v(y). Calculate g(-3).
-23
Let i(h) be the second derivative of h**3/6 - 5*h**2 + 1494*h. Give i(9).
-1
Let b(k) = k**3 - k**2 - k. Let d = 3442 - 3444. Give b(d).
-10
Let a be -5 + (-2 + 4)/((-4)/(-6)). Let n(z) = 5*z**3 - 4*z**2 - 6*z - 6. Let b be n(a). Let t = -46 - b. Let r(l) = -l**2 + 4*l. Calculate r(t).
0
Let q(v) be the second derivative of v**3 + 59*v**2/2 - 89*v. Let g be q(-10). Let r(j) = -10*j. Let b(l) = -9*l. Let k(y) = -5*b(y) + 4*r(y). Determine k(g).
-5
Let n = 90 - 95. Let p be n*(6/10 - 0). Let o(u) = -u - 6. Calculate o(p).
-3
Let x(a) = 5*a**2 + 5 - 469*a - 472*a + a**3 - 469*a - 470*a + 1874*a. What is x(-5)?
35
Let u = 1 - 2. Let f(y) be the first derivative of -5*y**3/3 - y**2/2 + 60851. Give f(u).
-4
Let a(l) = 49*l - 56. Let d(j) = -9*j + 12. Let x(u) = -2*a(u) - 11*d(u). Give x(8).
-12
Suppose -16 + 12 = -i. Suppose 2*d - i*a = -9*a + 33, d + 4*a = 24. Let r(s) be the second derivative of -s**4/12 + s**3/2 + 2*s**2 + 91*s. Calculate r(d).
0
Let l(t) = t - 18. Let h = -6283 + 6298. Determine l(h).
-3
Let z(c) be the second derivative of 13*c**5/20 - c**3/6 - 8*c. Suppose -5*r - 127 = -4*r. Let t = r + 126. Give z(t).
-12
Let y(a) = a - 10. Let i be y(-8). Let o be (i/(-8))/((-1)/4). Let k(c) be the first derivative of -c**2/2 - 9*c + 46. Give k(o).
0
Suppose 507 = 9*t - 366. Let c = t + -92. Let z(h) = h**3 - 5*h**2 - 2*h + 6. What is z(c)?
-4
Let x(o) = 1 + 839*o - o**3 - 2521*o + 839*o + 841*o - 7*o**2. Let y(k) = 3*k + 5. Let c be y(-4). Give x(c).
15
Suppose -6*t - 14 = -4*t. Let v(k) be the third derivative of -k**5/60 - 3*k**4/8 - 3*k**3/2 - 3*k**2 + 321. What is v(t)?
5
Let m(u) = 2*u + 1. Let d be m(-3). Let j(o) = 13 - 63 + 15 + 4 + 9 + 19 - o. What is j(d)?
2
Let u(i) be the second derivative of -i**3/6 + 19*i**2/2 - 31*i - 8. Determine u(6).
13
Let u be 152/3 + 16/(-24). Let k = u + -47. Let l(z) = -164*z**3 + 81*z**k + 84*z**3 + 5*z + 3 - 5 - 6*z**2. Calculate l(5).
-2
Suppose 3*i = 12, -q + 5*i - 15 = -0. Suppose 3*s + 4 = q*s. Let z(l) = -67*l**2 - 61*l**s + 2*l - 4 - l**3 + 124*l**2. What is z(-5)?
11
Suppose 53*q = -117 + 11. Let u(h) = -12*h - 18. Determine u(q).
6
Let h(u) = -3*u**2 + 9*u - 47. Let y(n) = -17*n**2 + 47*n - 242. Let o(q) = -11*h(q) + 2*y(q). Give o(-8).
9
Let f be 1/18*58 - (-44)/(-198). Suppose 124 = 2*y - 2*w, -y = f*w - 58 - 12. Let s = 68 - y. Let t(j) = -j**3 + 5*j**2 + 3*j - 6. Give t(s).
22
Let a(w) = -12 - 4081*w + 118 + 4086*w. Determine a(-17).
21
Let n(m) be the second derivative of m**3 - 2*m - 18 - 2*m**2 - 1/12*m**4. Give n(5).
1
Let i(d) be the first derivative of -d**3/3 - 13*d**2/2 - 4*d + 3920. Calculate i(-8).
36
Suppose -4*t + 2*t = -5*p + 45, t = -p + 2. Suppose p = -d + 9. Let f(w) = 11*w - 11*w + 4*w**2 + 3*w - d - w**3. What is f(5)?
-12
Let c(p) = -p**3 - 4*p**2 - 5*p + 1. Suppose 0 = 5*i - 1 - 14. Suppose -3*h = -4*m, -m + 4*m - i = 3*h. What is c(h)?
21
Let m(h) = 4*h**3 - 2*h**2 + 3*h - 4. Let c(d) = -9*d**3 + 17*d**2 - 23*d + 17*d + 10 - 12*d**2. Let r(s) = 3*c(s) + 7*m(s). What is r(-2)?
-8
Let a(l) be the first derivative of -5*l**2/2 - 5*l + 980. Calculate a(3).
-20
Suppose -557 = -5*h + 118. Let y(u) = h + 4*u - 121 - 3*u. Suppose 5*s - 5 = w - 6*w, 0 = 4*s - 4*w + 4. Calculate y(s).
14
Let v(f) = -f + 11 + 2*f - 13. Suppose 0 = -1882*z + 1894*z - 60. Give v(z).
3
Let v(h) be the second derivative of 27*h**3/2 - 245*h**2/2 + 1481*h - 2. Give v(3).
-2
Let q(s) = -79*s**2 + 36*s + 168*s + 32 - 36*s**2 + 122*s**2. Determine q(-29).
3
Suppose 1 + 49 = -5*x. Let s be -26*(x/4 + 2). Let y(v) = s + v + 14 - 20. Determine y(-3).
4
Let o(q) = 2*q**2 - q + 1. Let f be o(1). Suppose -2*p + 4*p - 6 = 0. Let m(a) = -6*a**2 + 3*a**2 + 3*a + 4*a**3 - 3 - p*a**3 + 0*a**2. Determine m(f).
-1
Let y(h) = 9*h - 3. Let m(r) = -r**2 + 5*r - 148. Let v be m(10). Let u = 202 + v. Give y(u).
33
Let l(o) = 37 - 9 - 8*o - 31 + 2*o**2 - o**2. Calculate l(-5).
62
Suppose 129*w = 712 + 320. Let i(z) = -z**2 + 34*z - 216. Give i(w).
-8
Let s(v) = 4*v + 4. Let m(i) = i - 1. L